{"id":560,"date":"2019-01-13T16:33:06","date_gmt":"2019-01-13T15:33:06","guid":{"rendered":"https:\/\/itservicekray.lima-city.de\/?page_id=560"},"modified":"2019-04-24T22:44:25","modified_gmt":"2019-04-24T20:44:25","slug":"start","status":"publish","type":"page","link":"https:\/\/itservicekray.lima-city.de\/","title":{"rendered":"Start"},"content":{"rendered":"\n<br><h1 style=\"text-align: center;\"><strong>Willkommen bei IT-Service Kray<\/strong><\/h1>\n<p>&nbsp;<\/p>\n<h2 id=\"Ueber\"><\/h2>\n<hr>\n<p>&nbsp;<\/p>\n<h2>\u00dcber Uns<\/h2>\n<p>&nbsp;<\/p>\n\n<div align=\"center\" style=\"width:50%\">\n<p align=\"left\" style=\"padding-left: 60px;\"> It-Service Kray wurde im M\u00e4rz 2015 gegr\u00fcndet.<br>Wir betreiben einen Online-Shop und bieten Ihnen Support im Linux und Windowsumfeld.<br>Unsere Mitarbeiterinnen sind Cisco, Microsoft und LPIC zertifiziert.<\/p><\/div>\n\n<p>&nbsp;<\/p>\n<a id=\"Wir\"><\/a>\n<hr>\n<p>&nbsp;<\/p>\n<h2>Wir bieten<\/h2>\n<p>&nbsp;<\/p>\n<div align=\"center\" style=\"width:50%\">\n<p style=\"padding-left: 30px;\">&nbsp;<\/p>\n<ul style=\"text-align: left;\">\n<li style=\"list-style-type: none;\">\n<ul>\n<li>Webseitenerstellung und Hosting (WordPress, Joomla,Woltlab,Shopware)<\/li>\n<li>Upgrade Ihres alten PC<\/li>\n<li>Linux Grundschulung<\/li>\n<li>Reparatur<\/li>\n<li>Druckereinrichtung<\/li>\n<li>Netzwerkeinrichtung<\/li>\n<li>Serverinstallation,Backup und Wartung&nbsp;<\/li>\n<li>Active Directory<\/li>\n<\/ul>\n<\/li>\n<\/ul>\n<\/div>\n<h2 id=\"Kontakt\"><\/h2>\n<hr>\n<p>&nbsp;<\/p>\n","protected":false},"excerpt":{"rendered":"<p>Willkommen bei IT-Service Kray &nbsp; &nbsp; \u00dcber Uns &nbsp; It-Service Kray wurde im M\u00e4rz 2015 gegr\u00fcndet.Wir betreiben einen Online-Shop und bieten Ihnen Support im Linux und Windowsumfeld.Unsere Mitarbeiterinnen sind Cisco, &#8230;<\/p>\n","protected":false},"author":1,"featured_media":0,"parent":0,"menu_order":0,"comment_status":"closed","ping_status":"closed","template":"template-fullwidth-stretched.php","meta":{"ngg_post_thumbnail":0,"footnotes":""},"class_list":["post-560","page","type-page","status-publish","hentry"],"_links":{"self":[{"href":"https:\/\/itservicekray.lima-city.de\/index.php?rest_route=\/wp\/v2\/pages\/560","targetHints":{"allow":["GET"]}}],"collection":[{"href":"https:\/\/itservicekray.lima-city.de\/index.php?rest_route=\/wp\/v2\/pages"}],"about":[{"href":"https:\/\/itservicekray.lima-city.de\/index.php?rest_route=\/wp\/v2\/types\/page"}],"author":[{"embeddable":true,"href":"https:\/\/itservicekray.lima-city.de\/index.php?rest_route=\/wp\/v2\/users\/1"}],"replies":[{"embeddable":true,"href":"https:\/\/itservicekray.lima-city.de\/index.php?rest_route=%2Fwp%2Fv2%2Fcomments&post=560"}],"version-history":[{"count":48,"href":"https:\/\/itservicekray.lima-city.de\/index.php?rest_route=\/wp\/v2\/pages\/560\/revisions"}],"predecessor-version":[{"id":932,"href":"https:\/\/itservicekray.lima-city.de\/index.php?rest_route=\/wp\/v2\/pages\/560\/revisions\/932"}],"wp:attachment":[{"href":"https:\/\/itservicekray.lima-city.de\/index.php?rest_route=%2Fwp%2Fv2%2Fmedia&parent=560"}],"curies":[{"name":"wp","href":"https:\/\/api.w.org\/{rel}","templated":true}]}}